ousands digit of 161075695?
5
What is the units digit of 145531679?
9
What is the tens digit of 779763651?
5
What is the units digit of 536435093?
3
What is the hundreds digit of 156867297?
2
What is the units digit of 11745881?
1
What is the hundred millions digit of 3017018357?
0
What is the hundreds digit of 441260885?
8
What is the units digit of 348693536?
6
What is the units digit of 56309373?
3
What is the millions digit of 100186962?
0
What is the millions digit of 24939277?
4
What is the hundreds digit of 84351059?
0
What is the hundred thousands digit of 360076921?
0
What is the millions digit of 792412980?
2
What is the hundred thousands digit of 666607001?
6
What is the ten thousands digit of 90904470?
0
What is the hundreds digit of 1150552129?
1
What is the hundreds digit of 956943719?
7
What is the ten millions digit of 166635473?
6
What is the tens digit of 2155984943?
4
What is the tens digit of 26488120?
2
What is the hundred thousands digit of 93740539?
7
What is the ten thousands digit of 51758169?
5
What is the hundreds digit of 574512342?
3
What is the thousands digit of 96722846?
2
What is the ten thousands digit of 39354516?
5
What is the hundred thousands digit of 5089819456?
8
What is the ten thousands digit of 2179596744?
9
What is the tens digit of 2952152535?
3
What is the units digit of 383775010?
0
What is the hundreds digit of 4092504414?
4
What is the ten thousands digit of 3485482980?
8
What is the millions digit of 2412414607?
2
What is the thousands digit of 286337162?
7
What is the hundred thousands digit of 5369693384?
6
What is the hundred millions digit of 669700368?
6
What is the hundreds digit of 793093577?
5
What is the ten millions digit of 921227650?
2
What is the ten millions digit of 159369359?
5
What is the tens digit of 515758576?
7
What is the thousands digit of 46934795?
4
What is the thousands digit of 338947907?
7
What is the ten thousands digit of 51296652?
9
What is the thousands digit of 12725050?
5
What is the hundred thousands digit of 457372935?
3
What is the hundreds digit of 46700988?
9
What is the millions digit of 404872378?
4
What is the hundred thousands digit of 3400130363?
1
What is the units digit of 628606139?
9
What is the thousands digit of 1517872767?
2
What is the ten thousands digit of 57634632?
3
What is the hundreds digit of 110001317?
3
What is the thousands digit of 2214949015?
9
What is the thousands digit of 356738168?
8
What is the hundreds digit of 1058299352?
3
What is the hundreds digit of 4013836201?
2
What is the thousands digit of 7246317?
6
What is the thousands digit of 43215689?
5
What is the hundred thousands digit of 489770624?
7
What is the units digit of 4135467942?
2
What is the millions digit of 3049163088?
9
What is the thousands digit of 1897821416?
1
What is the thousands digit of 3654006573?
6
What is the ten thousands digit of 1718354585?
5
What is the hundred thousands digit of 163421041?
4
What is the millions digit of 65022412?
5
What is the ten millions digit of 1686909216?
8
What is the hundred millions digit of 365899207?
3
What is the ten thousands digit of 1761933131?
3
What is the hundred millions digit of 533963455?
5
What is the thousands digit of 391184517?
4
What is the hundreds digit of 2269080966?
9
What is the millions digit of 583225490?
3
What is the hundred thousands digit of 407132935?
1
What is the tens digit of 81732054?
5
What is the ten thousands digit of 393659689?
5
What is the thousands digit of 64174835?
4
What is the millions digit of 559413632?
9
What is the hundred thousands digit of 149548504?
5
What is the ten thousands digit of 171774778?
7
What is the hundreds digit of 33613215?
2
What is the billions digit of 2376686078?
2
What is the thousands digit of 77663427?
3
What is the millions digit of 54279956?
4
What is the ten millions digit of 140101397?
4
What is the units digit of 541653682?
2
What is the hundred thousands digit of 191924754?
9
What is the units digit of 3467169940?
0
What is the hundred thousands digit of 2866678688?
6
What is the hundred millions digit of 378469338?
3
What is the tens digit of 46120129?
2
What is the units digit of 2159223770?
0
What is the billions digit of 1610689078?
1
What is the hundreds digit of 102444340?
3
What is the hundred thousands digit of 180530?
1
What is the units digit of 249590383?
3
What is the millions digit of 56062962?
6
What is the thousands digit of 54407850?
7
What is the billions digit of 5131440772?
5
What is the ten thousands digit of 30660312?
6
What is the ten millions digit of 76335065?
7
What is the hundred thousands digit of 185153458?
1
What is the ten thousands digit of 3227446481?
4
What is the units digit of 5389573146?
6
What is the millions digit of 34304649?
4
What is the units digit of 25426514?
4
What is the millions digit of 59287881?
9
What is the hundred thousands digit of 4361837527?
8
What is the thousands digit of 230283515?
3
What is the tens digit of 1238885608?
0
What is the units digit of 5691077?
7
What is the hundred thousands digit of 169853390?
8
What is the ten thousands digit of 41870015?
7
What is the thousands digit of 6901683?
1
What is the hundred thousands digit of 65027093?
0
What is the hundred millions digit of 2289627999?
2
What is the ten thousands digit of 165992962?
9
What is the ten millions digit of 356136417?
5
What is the ten thousands digit of 532081949?
8
What is the hundred thousands digit of 848807057?
8
What is the hundred millions digit of 487387700?
4
What is the thousands digit of 96070280?
0
What is the thousands digit of 3656970287?
0
What is the hundred thousands digit of 152852863?
8
What is the ten thousands digit of 2158963302?
6
What is the hundreds digit of 505894625?
6
What is the hundred millions digit of 216107041?
2
What is the ten thousands digit of 1079628?
7
What is the tens digit of 3057837059?
5
What is the tens digit of 1142267343?
4
What is the ten thousands digit of 323981718?
8
What is the ten thousands digit of 161033561?
3
What is the hundreds digit of 322484188?
1
What is the thousands digit of 55898955?
8
What is the millions digit of 1768196613?
8
What is the hundreds digit of 6951991?
9
What is the ten millions digit of 219253266?
1
What is the millions digit of 1813130595?
3
What is the millions digit of 6097626941?
7
What is the billions digit of 3135949885?
3
What is the hundred thousands digit of 237376745?
3
What is the ten millions digit of 1260310100?
6
What is the ten thousands digit of 115327690?
2
What is the tens digit of 62209345?
4
What is the hundreds digit of 95385248?
2
What is the ten thousands digit of 132392561?
9
What is the ten millions digit of 63945442?
6
What is the thousands digit of 52014164?
4
What is the ten thousands digit of 5872991575?
9
What is the millions digit of 39454985?
9
What is the hundred thousands digit of 1089649426?
6
What is the ten millions digit of 4783655025?
8
What is the millions digit of 39239032?
9
What is the ten millions digit of 2103833013?
0
What is the units digit of 178694597?
7
What is the hundreds digit of 520939600?
6
What is the millions digit of 85004550?
5
What is the hundred millions digit of 218487819?
2
What is the hundreds digit of 15063699?
6
What is the thousands digit of 703568952?
8
What is the ten millions digit of 449421413?
4
What is the millions digit of 74184543?
4
What is the hundred millions digit of 1034122614?
0
What is the tens digit of 86439420?
2
What is the hundreds digit of 666064781?
7
What is the millions digit of 136194091?
6
What is the hundreds digit of 57992875?
8
What is the hundreds digit of 5323220627?
6
What is the units digit of 2438251809?
9
What is the hundred thousands digit of 38020739?
0
What is the millions digit of 767844999?
7
What is the hundreds digit of 2546622883?
8
What is the hundred thousands digit of 49629176?
6
What is the ten thousands digit of 2450287272?
8
What is the hundreds digit of 13590231?
2
What is the hundreds digit of 440712920?
9
What is the thousands digit of 283480165?
0
What is the hundreds digit of 69794903?
9
What is the hundred millions digit of 2119935283?
1
What is the thousands digit of 2937489?
7
What is the units digit of 208733